{"id":286,"date":"2024-01-21T18:37:19","date_gmt":"2024-01-21T17:37:19","guid":{"rendered":"https:\/\/www.dachkonzepte.net\/?page_id=286"},"modified":"2025-03-28T17:31:30","modified_gmt":"2025-03-28T16:31:30","slug":"dachwartung","status":"publish","type":"page","link":"https:\/\/www.dachkonzepte.net\/?page_id=286","title":{"rendered":"Dachwartung"},"content":{"rendered":"\t\t<div data-elementor-type=\"wp-page\" data-elementor-id=\"286\" class=\"elementor elementor-286\" data-elementor-post-type=\"page\">\n\t\t\t\t\t\t<section class=\"elementor-section elementor-top-section elementor-element elementor-element-334ef8e2 elementor-section-full_width elementor-section-height-min-height elementor-section-items-stretch elementor-section-height-default\" data-id=\"334ef8e2\" data-element_type=\"section\" data-e-type=\"section\" data-settings=\"{&quot;background_background&quot;:&quot;classic&quot;}\">\n\t\t\t\t\t\t<div class=\"elementor-container elementor-column-gap-no\">\n\t\t\t\t\t<div class=\"elementor-column elementor-col-50 elementor-top-column elementor-element elementor-element-233c7f0a\" data-id=\"233c7f0a\" data-element_type=\"column\" data-e-type=\"column\">\n\t\t\t<div class=\"elementor-widget-wrap elementor-element-populated\">\n\t\t\t\t\t\t<div class=\"elementor-element elementor-element-12a54b6e elementor-invisible elementor-widget elementor-widget-heading\" data-id=\"12a54b6e\" data-element_type=\"widget\" data-e-type=\"widget\" data-settings=\"{&quot;_animation&quot;:&quot;fadeInUp&quot;}\" data-widget_type=\"heading.default\">\n\t\t\t\t<div class=\"elementor-widget-container\">\n\t\t\t\t\t<h3 class=\"elementor-heading-title elementor-size-default\">DACHWARTUNG<\/h3>\t\t\t\t<\/div>\n\t\t\t\t<\/div>\n\t\t\t\t<div class=\"elementor-element elementor-element-152ca862 elementor-widget-divider--view-line elementor-widget elementor-widget-divider\" data-id=\"152ca862\" data-element_type=\"widget\" data-e-type=\"widget\" data-widget_type=\"divider.default\">\n\t\t\t\t<div class=\"elementor-widget-container\">\n\t\t\t\t\t\t\t<div class=\"elementor-divider\">\n\t\t\t<span class=\"elementor-divider-separator\">\n\t\t\t\t\t\t<\/span>\n\t\t<\/div>\n\t\t\t\t\t\t<\/div>\n\t\t\t\t<\/div>\n\t\t\t\t<div class=\"elementor-element elementor-element-47143746 elementor-widget__width-initial elementor-widget elementor-widget-text-editor\" data-id=\"47143746\" data-element_type=\"widget\" data-e-type=\"widget\" data-widget_type=\"text-editor.default\">\n\t\t\t\t<div class=\"elementor-widget-container\">\n\t\t\t\t\t\t\t\t\t<p>Bei der Heizungsanlage oder dem eigenen Auto sind Inspektionen, T\u00dcV und Wartungen \u00fcblich. Dachwartungen werden von den meisten Personen jedoch vernachl\u00e4ssigt. Dabei ist das Dach \u00fcber das ganze Jahr K\u00e4lte, Hitze, Wind und Regen ausgesetzt. W\u00e4hrend dieser Zeit k\u00f6nnen kleinere oder gr\u00f6\u00dfere Sch\u00e4den entstehen, die ein Laie auf den ersten Blick nicht erkennt.<\/p>\t\t\t\t\t\t\t\t<\/div>\n\t\t\t\t<\/div>\n\t\t\t\t<div class=\"elementor-element elementor-element-768d51bb elementor-widget__width-initial elementor-widget elementor-widget-text-editor\" data-id=\"768d51bb\" data-element_type=\"widget\" data-e-type=\"widget\" data-widget_type=\"text-editor.default\">\n\t\t\t\t<div class=\"elementor-widget-container\">\n\t\t\t\t\t\t\t\t\t<p>Eine\u00a0<strong>periodische Dachwartung<\/strong>\u00a0informiert Sie stets \u00fcber den\u00a0<strong>aktuellen Stand Ihres Dachs<\/strong>\u00a0und kann somit teuren Folgesch\u00e4den vorbeugen. Dar\u00fcber hinaus sind Sie als Hausbesitzer nach\u00a0<strong>\u00a7 836 BGB zur Sorgfalt<\/strong>\u00a0bez\u00fcglich Ihres Geb\u00e4udes verpflichtet. Soll hei\u00dfen, dass die Versicherung bei Besch\u00e4digung von Personen und Gegenst\u00e4nden durch herabfallende Geb\u00e4udeteile nur haftet, wenn Sie als Besitzer nachweisen k\u00f6nnen, dass ein Fachbetrieb regelm\u00e4\u00dfige Wartungen an Ihrem Dach vornimmt. Ein\u00a0<strong>Wartungsvertrag <\/strong>kann Sie also vor Schadensersatzleistungen im Ungl\u00fccksfall bewahren.<\/p>\t\t\t\t\t\t\t\t<\/div>\n\t\t\t\t<\/div>\n\t\t\t\t\t<\/div>\n\t\t<\/div>\n\t\t\t\t<div class=\"elementor-column elementor-col-50 elementor-top-column elementor-element elementor-element-5c3c93c4\" data-id=\"5c3c93c4\" data-element_type=\"column\" data-e-type=\"column\" data-settings=\"{&quot;background_background&quot;:&quot;classic&quot;}\">\n\t\t\t<div class=\"elementor-widget-wrap\">\n\t\t\t\t\t\t\t<\/div>\n\t\t<\/div>\n\t\t\t\t\t<\/div>\n\t\t<\/section>\n\t\t\t\t<section class=\"elementor-section elementor-top-section elementor-element elementor-element-48aabc4 elementor-section-boxed elementor-section-height-default elementor-section-height-default\" data-id=\"48aabc4\" data-element_type=\"section\" data-e-type=\"section\">\n\t\t\t\t\t\t<div class=\"elementor-container elementor-column-gap-default\">\n\t\t\t\t\t<div class=\"elementor-column elementor-col-100 elementor-top-column elementor-element elementor-element-965b1fb\" data-id=\"965b1fb\" data-element_type=\"column\" data-e-type=\"column\">\n\t\t\t<div class=\"elementor-widget-wrap elementor-element-populated\">\n\t\t\t\t\t\t<div class=\"elementor-element elementor-element-4ea030c7 elementor-widget elementor-widget-spacer\" data-id=\"4ea030c7\" data-element_type=\"widget\" data-e-type=\"widget\" data-widget_type=\"spacer.default\">\n\t\t\t\t<div class=\"elementor-widget-container\">\n\t\t\t\t\t\t\t<div class=\"elementor-spacer\">\n\t\t\t<div class=\"elementor-spacer-inner\"><\/div>\n\t\t<\/div>\n\t\t\t\t\t\t<\/div>\n\t\t\t\t<\/div>\n\t\t\t\t<div class=\"elementor-element elementor-element-4b8f38cf elementor-invisible elementor-widget elementor-widget-heading\" data-id=\"4b8f38cf\" data-element_type=\"widget\" data-e-type=\"widget\" data-settings=\"{&quot;_animation&quot;:&quot;fadeInUp&quot;}\" data-widget_type=\"heading.default\">\n\t\t\t\t<div class=\"elementor-widget-container\">\n\t\t\t\t\t<h3 class=\"elementor-heading-title elementor-size-default\">Professionelle Dachwartung von Dachkonzepte Geb:\nWas geh\u00f6rt dazu?<\/h3>\t\t\t\t<\/div>\n\t\t\t\t<\/div>\n\t\t\t\t<section class=\"elementor-section elementor-inner-section elementor-element elementor-element-6a396537 elementor-section-full_width elementor-section-height-default elementor-section-height-default\" data-id=\"6a396537\" data-element_type=\"section\" data-e-type=\"section\">\n\t\t\t\t\t\t<div class=\"elementor-container elementor-column-gap-default\">\n\t\t\t\t\t<div class=\"elementor-column elementor-col-50 elementor-inner-column elementor-element elementor-element-67b0027c\" data-id=\"67b0027c\" data-element_type=\"column\" data-e-type=\"column\">\n\t\t\t<div class=\"elementor-widget-wrap elementor-element-populated\">\n\t\t\t\t\t\t<div class=\"elementor-element elementor-element-699e6295 elementor-widget__width-initial elementor-widget elementor-widget-text-editor\" data-id=\"699e6295\" data-element_type=\"widget\" data-e-type=\"widget\" data-widget_type=\"text-editor.default\">\n\t\t\t\t<div class=\"elementor-widget-container\">\n\t\t\t\t\t\t\t\t\t<ul><li>\u00a0Kontrolle der Beschaffenheit und Zustand Ihres Daches (inkl. Dazugeh\u00f6riger Dachfenster)<\/li><li>Feststellung von Korrosionssch\u00e4den<\/li><li>S\u00e4uberung von Schlamm-, Sand- und Laubf\u00e4ngen in Dachrinnen und \u2013kehlen<\/li><li>Entfernung von R\u00fcckst\u00e4nden, Ablagerungen und Pflanzenbewuchs<\/li><li>Kontrollieren und Reinigen von Ent- und Bel\u00fcftungs\u00f6ffnungen<\/li><li>Ggfs. Wiederherstellen des ungest\u00f6rten Wasserablaufs bei \u00dcber- und Einl\u00e4ufen<\/li><li>Entfernung von M\u00e4ngeln und Undichtheiten<\/li><li>Ersetzen besch\u00e4digter Ziegel<\/li><li>Beheben von Sturm- und Witterungssch\u00e4den<\/li><li>Sanierung von Fugendichtungen, Abdichtungen und Dichtmassen<\/li><\/ul>\t\t\t\t\t\t\t\t<\/div>\n\t\t\t\t<\/div>\n\t\t\t\t<div class=\"elementor-element elementor-element-cd52b16 elementor-widget elementor-widget-spacer\" data-id=\"cd52b16\" data-element_type=\"widget\" data-e-type=\"widget\" data-widget_type=\"spacer.default\">\n\t\t\t\t<div class=\"elementor-widget-container\">\n\t\t\t\t\t\t\t<div class=\"elementor-spacer\">\n\t\t\t<div class=\"elementor-spacer-inner\"><\/div>\n\t\t<\/div>\n\t\t\t\t\t\t<\/div>\n\t\t\t\t<\/div>\n\t\t\t\t<div class=\"elementor-element elementor-element-cc71db3 elementor-widget__width-initial elementor-widget elementor-widget-text-editor\" data-id=\"cc71db3\" data-element_type=\"widget\" data-e-type=\"widget\" data-widget_type=\"text-editor.default\">\n\t\t\t\t<div class=\"elementor-widget-container\">\n\t\t\t\t\t\t\t\t\t<p>Durch einen Dachwartungsvertrag werden folglich relevante Dach- und Wandteile professionell gepr\u00fcft. Dabei wird die Funktionst\u00fcchtigkeit beleuchtet und besch\u00e4digte Stellen, auch verdeckte M\u00e4ngel, werden erkannt.<\/p>\t\t\t\t\t\t\t\t<\/div>\n\t\t\t\t<\/div>\n\t\t\t\t\t<\/div>\n\t\t<\/div>\n\t\t\t\t<div class=\"elementor-column elementor-col-50 elementor-inner-column elementor-element elementor-element-38f172bb\" data-id=\"38f172bb\" data-element_type=\"column\" data-e-type=\"column\" data-settings=\"{&quot;background_background&quot;:&quot;classic&quot;}\">\n\t\t\t<div class=\"elementor-widget-wrap elementor-element-populated\">\n\t\t\t\t\t\t<div class=\"elementor-element elementor-element-b349642 elementor-widget elementor-widget-spacer\" data-id=\"b349642\" data-element_type=\"widget\" data-e-type=\"widget\" data-widget_type=\"spacer.default\">\n\t\t\t\t<div class=\"elementor-widget-container\">\n\t\t\t\t\t\t\t<div class=\"elementor-spacer\">\n\t\t\t<div class=\"elementor-spacer-inner\"><\/div>\n\t\t<\/div>\n\t\t\t\t\t\t<\/div>\n\t\t\t\t<\/div>\n\t\t\t\t\t<\/div>\n\t\t<\/div>\n\t\t\t\t\t<\/div>\n\t\t<\/section>\n\t\t\t\t<div class=\"elementor-element elementor-element-5371d065 elementor-widget elementor-widget-spacer\" data-id=\"5371d065\" data-element_type=\"widget\" data-e-type=\"widget\" data-widget_type=\"spacer.default\">\n\t\t\t\t<div class=\"elementor-widget-container\">\n\t\t\t\t\t\t\t<div class=\"elementor-spacer\">\n\t\t\t<div class=\"elementor-spacer-inner\"><\/div>\n\t\t<\/div>\n\t\t\t\t\t\t<\/div>\n\t\t\t\t<\/div>\n\t\t\t\t\t<\/div>\n\t\t<\/div>\n\t\t\t\t\t<\/div>\n\t\t<\/section>\n\t\t\t\t<section class=\"elementor-section elementor-top-section elementor-element elementor-element-09ddd98 elementor-section-boxed elementor-section-height-default elementor-section-height-default\" data-id=\"09ddd98\" data-element_type=\"section\" data-e-type=\"section\" data-settings=\"{&quot;background_background&quot;:&quot;classic&quot;}\">\n\t\t\t\t\t\t<div class=\"elementor-container elementor-column-gap-default\">\n\t\t\t\t\t<div class=\"elementor-column elementor-col-100 elementor-top-column elementor-element elementor-element-0ce926a\" data-id=\"0ce926a\" data-element_type=\"column\" data-e-type=\"column\">\n\t\t\t<div class=\"elementor-widget-wrap elementor-element-populated\">\n\t\t\t\t\t\t<div class=\"elementor-element elementor-element-685ad6b elementor-widget elementor-widget-spacer\" data-id=\"685ad6b\" data-element_type=\"widget\" data-e-type=\"widget\" data-widget_type=\"spacer.default\">\n\t\t\t\t<div class=\"elementor-widget-container\">\n\t\t\t\t\t\t\t<div class=\"elementor-spacer\">\n\t\t\t<div class=\"elementor-spacer-inner\"><\/div>\n\t\t<\/div>\n\t\t\t\t\t\t<\/div>\n\t\t\t\t<\/div>\n\t\t\t\t<section class=\"elementor-section elementor-inner-section elementor-element elementor-element-2f1fe65d elementor-section-full_width elementor-section-height-default elementor-section-height-default\" data-id=\"2f1fe65d\" data-element_type=\"section\" data-e-type=\"section\">\n\t\t\t\t\t\t<div class=\"elementor-container elementor-column-gap-default\">\n\t\t\t\t\t<div class=\"elementor-column elementor-col-50 elementor-inner-column elementor-element elementor-element-69f006ae\" data-id=\"69f006ae\" data-element_type=\"column\" data-e-type=\"column\" data-settings=\"{&quot;background_background&quot;:&quot;classic&quot;}\">\n\t\t\t<div class=\"elementor-widget-wrap elementor-element-populated\">\n\t\t\t\t\t\t<div class=\"elementor-element elementor-element-37e159f6 elementor-widget elementor-widget-spacer\" data-id=\"37e159f6\" data-element_type=\"widget\" data-e-type=\"widget\" data-widget_type=\"spacer.default\">\n\t\t\t\t<div class=\"elementor-widget-container\">\n\t\t\t\t\t\t\t<div class=\"elementor-spacer\">\n\t\t\t<div class=\"elementor-spacer-inner\"><\/div>\n\t\t<\/div>\n\t\t\t\t\t\t<\/div>\n\t\t\t\t<\/div>\n\t\t\t\t\t<\/div>\n\t\t<\/div>\n\t\t\t\t<div class=\"elementor-column elementor-col-50 elementor-inner-column elementor-element elementor-element-185dab4f\" data-id=\"185dab4f\" data-element_type=\"column\" data-e-type=\"column\">\n\t\t\t<div class=\"elementor-widget-wrap elementor-element-populated\">\n\t\t\t\t\t\t<div class=\"elementor-element elementor-element-360b1703 elementor-widget elementor-widget-heading\" data-id=\"360b1703\" data-element_type=\"widget\" data-e-type=\"widget\" data-widget_type=\"heading.default\">\n\t\t\t\t<div class=\"elementor-widget-container\">\n\t\t\t\t\t<h2 class=\"elementor-heading-title elementor-size-default\">Vorteile einer Dachwartung<\/h2>\t\t\t\t<\/div>\n\t\t\t\t<\/div>\n\t\t\t\t<div class=\"elementor-element elementor-element-4085017 elementor-widget__width-initial elementor-widget elementor-widget-text-editor\" data-id=\"4085017\" data-element_type=\"widget\" data-e-type=\"widget\" data-widget_type=\"text-editor.default\">\n\t\t\t\t<div class=\"elementor-widget-container\">\n\t\t\t\t\t\t\t\t\t<ul><li>Kostenintensive Folgesch\u00e4den werden vermieden<\/li><li>Ihr Dach erh\u00e4lt in der Regel eine l\u00e4ngere Lebensdauer<\/li><li>Wertsteigerung Ihrer gesamten Immobilie<\/li><li>Schutz vor herabfallender Bauteile f\u00fcr Mensch und Sachgegenst\u00e4nde<\/li><li>Vermeidung von Regressanspr\u00fcchen<\/li><\/ul>\t\t\t\t\t\t\t\t<\/div>\n\t\t\t\t<\/div>\n\t\t\t\t<div class=\"elementor-element elementor-element-04cdd3f elementor-widget elementor-widget-spacer\" data-id=\"04cdd3f\" data-element_type=\"widget\" data-e-type=\"widget\" data-widget_type=\"spacer.default\">\n\t\t\t\t<div class=\"elementor-widget-container\">\n\t\t\t\t\t\t\t<div class=\"elementor-spacer\">\n\t\t\t<div class=\"elementor-spacer-inner\"><\/div>\n\t\t<\/div>\n\t\t\t\t\t\t<\/div>\n\t\t\t\t<\/div>\n\t\t\t\t<div class=\"elementor-element elementor-element-849723f elementor-widget__width-initial elementor-widget elementor-widget-text-editor\" data-id=\"849723f\" data-element_type=\"widget\" data-e-type=\"widget\" data-widget_type=\"text-editor.default\">\n\t\t\t\t<div class=\"elementor-widget-container\">\n\t\t\t\t\t\t\t\t\t<p>Kosten einer j\u00e4hrlichen Wartung durch einen Fachbetrieb machen sich also schnell bezahlt. Dabei m\u00fcssen sie keinen Vertrag abschlie\u00dfen \u2013 Sie k\u00f6nnen selbst entscheiden, wann die Wartung durchgef\u00fchrt werden soll. Und wenn Sie doch unsicher sind, informieren wir Sie gerne zu passenden Wartungsintervallen. Wir freuen uns auf Ihren Anruf!<\/p>\t\t\t\t\t\t\t\t<\/div>\n\t\t\t\t<\/div>\n\t\t\t\t\t<\/div>\n\t\t<\/div>\n\t\t\t\t\t<\/div>\n\t\t<\/section>\n\t\t\t\t<div class=\"elementor-element elementor-element-6b28d711 elementor-widget elementor-widget-spacer\" data-id=\"6b28d711\" data-element_type=\"widget\" data-e-type=\"widget\" data-widget_type=\"spacer.default\">\n\t\t\t\t<div class=\"elementor-widget-container\">\n\t\t\t\t\t\t\t<div class=\"elementor-spacer\">\n\t\t\t<div class=\"elementor-spacer-inner\"><\/div>\n\t\t<\/div>\n\t\t\t\t\t\t<\/div>\n\t\t\t\t<\/div>\n\t\t\t\t\t<\/div>\n\t\t<\/div>\n\t\t\t\t\t<\/div>\n\t\t<\/section>\n\t\t\t\t<\/div>\n\t\t","protected":false},"excerpt":{"rendered":"<p>DACHWARTUNG Bei der Heizungsanlage oder dem eigenen Auto sind Inspektionen, T\u00dcV und Wartungen \u00fcblich. Dachwartungen werden von den meisten Personen jedoch vernachl\u00e4ssigt. Dabei ist das Dach \u00fcber das ganze Jahr K\u00e4lte, Hitze, Wind und Regen ausgesetzt. W\u00e4hrend dieser Zeit k\u00f6nnen kleinere oder gr\u00f6\u00dfere Sch\u00e4den entstehen, die ein Laie auf den ersten Blick nicht erkennt. Eine\u00a0periodische [&hellip;]<\/p>\n","protected":false},"author":1,"featured_media":0,"parent":0,"menu_order":0,"comment_status":"closed","ping_status":"closed","template":"","meta":{"footnotes":""},"class_list":["post-286","page","type-page","status-publish","hentry"],"_links":{"self":[{"href":"https:\/\/www.dachkonzepte.net\/index.php?rest_route=\/wp\/v2\/pages\/286","targetHints":{"allow":["GET"]}}],"collection":[{"href":"https:\/\/www.dachkonzepte.net\/index.php?rest_route=\/wp\/v2\/pages"}],"about":[{"href":"https:\/\/www.dachkonzepte.net\/index.php?rest_route=\/wp\/v2\/types\/page"}],"author":[{"embeddable":true,"href":"https:\/\/www.dachkonzepte.net\/index.php?rest_route=\/wp\/v2\/users\/1"}],"replies":[{"embeddable":true,"href":"https:\/\/www.dachkonzepte.net\/index.php?rest_route=%2Fwp%2Fv2%2Fcomments&post=286"}],"version-history":[{"count":22,"href":"https:\/\/www.dachkonzepte.net\/index.php?rest_route=\/wp\/v2\/pages\/286\/revisions"}],"predecessor-version":[{"id":1001,"href":"https:\/\/www.dachkonzepte.net\/index.php?rest_route=\/wp\/v2\/pages\/286\/revisions\/1001"}],"wp:attachment":[{"href":"https:\/\/www.dachkonzepte.net\/index.php?rest_route=%2Fwp%2Fv2%2Fmedia&parent=286"}],"curies":[{"name":"wp","href":"https:\/\/api.w.org\/{rel}","templated":true}]}}